{"id":6086,"date":"1998-06-09T12:12:51","date_gmt":"1998-06-09T10:12:51","guid":{"rendered":"https:\/\/www.genverde.it\/track\/gloria-3\/"},"modified":"2025-11-12T10:39:38","modified_gmt":"2025-11-12T09:39:38","slug":"gloria-3","status":"publish","type":"track","link":"https:\/\/www.genverde.it\/es\/track\/gloria-3\/","title":{"rendered":"Gloria"},"content":{"rendered":"\n<div class=\"is-layout-flex wp-container-3 wp-block-columns\">\n<div class=\"is-layout-flow wp-block-column\" style=\"flex-basis:66.66%\">\n<p><strong><em>Gloria, gloria,<\/em><\/strong> <br\/><strong><em>gloria in excelsis Deo.<\/em><\/strong> <br\/><strong><em>Gloria, gloria,<\/em><\/strong> <br\/><strong><em>gloria in excelsis Deo.<\/em><\/strong> <\/p>\n\n\n\n<p>E pace in terra <br\/>agli uomini di buona volont\u00e0. (2v) <br\/>Noi Ti lodiamo, <br\/>Ti benediciamo, <br\/>Ti adoriamo, <br\/>Ti glorifichiamo,  <\/p>\n\n\n\n<p>Ti rendiamo grazie <br\/>per la Tua immensa <br\/><strong><em>gloria. <\/em><\/strong> Signore Dio, <br\/><strong><em>gloria, <\/em><\/strong> Re del cielo, <br\/><strong><em>gloria, <\/em><\/strong> Dio Padre onnipotente <br\/><strong><em>in excelsis Deo<\/em><\/strong> <br\/>Figlio unigenito, <br\/><strong><em>gloria,<\/em><\/strong> Ges\u00f9 Cristo, <br\/><strong><em>gloria, <\/em><\/strong> Agnello di Dio, <br\/><strong><em>gloria, <\/em><\/strong> Figlio del Padre, <br\/><strong><em>in excelsis Deo.<\/em><\/strong> <br\/>Tu che togli i peccati del mondo, <br\/>abbi piet\u00e0 di noi. <\/p>\n\n\n\n<p>Accogli la nostra supplica. <br\/>Tu che siedi alla destra del Padre, <br\/>abbi piet\u00e0, <br\/>abbi piet\u00e0 di noi. <br\/>Perch\u00e9 Tu solo il Santo, <br\/>Tu solo il Signore, <br\/>Tu solo l&#8217;Altissimo, <br\/>Ges\u00f9 Cristo, <br\/>con lo Spirito Santo, <br\/>nella gloria di Dio Padre. <\/p>\n\n\n\n<p><strong>Amen. Amen. Amen. Amen.<\/strong> <\/p>\n<\/div>\n\n\n\n<div class=\"is-layout-flow wp-block-column\" style=\"flex-basis:33.33%\">\n<figure class=\"wp-block-image size-large\"><img decoding=\"async\" width=\"344\" height=\"344\" src=\"https:\/\/www.genverde.it\/wp-content\/uploads\/2021\/05\/1998_40-Come-fuoco-vivo.jpg\" alt=\"\" class=\"wp-image-1035\" srcset=\"https:\/\/www.genverde.it\/wp-content\/uploads\/2021\/05\/1998_40-Come-fuoco-vivo.jpg 344w, https:\/\/www.genverde.it\/wp-content\/uploads\/2021\/05\/1998_40-Come-fuoco-vivo-300x300.jpg 300w, https:\/\/www.genverde.it\/wp-content\/uploads\/2021\/05\/1998_40-Come-fuoco-vivo-150x150.jpg 150w\" sizes=\"(max-width: 344px) 100vw, 344px\" \/><\/figure>\n\n\n\n<p>1998<\/p>\n\n\n\n<h3><strong>Come fuoco vivo <\/strong><\/h3>\n\n\n\n<p><em>Testo: Dalla Liturgia<\/em> <br\/><em>Musica: Jocelyn K. Belamide, Benedikt Enderle <\/em> <br\/><em>\u00a9 Copyright Gen Verde della P.A.F.O.M. e<\/em> <br\/><em>Gen Rosso Edizioni Musicali Soc. Coop<\/em>.<em> <\/em><br\/><em>All rights reserved<\/em> <br\/><em>www.genverde.it e www.genrosso.com<\/em> <\/p>\n\n\n\n<p><\/p>\n\n\n<div class=\"streaming-download-link noprint\"><\/div><a class=\"print-track noprint\" href=\"javascript:if(window.print)window.print()\"><span class=\"icons icon-print\"><\/span><\/a><\/div>\n<\/div>\n<\/div>\n<p><!-- \/wp:columns --><\/p>\n","protected":false},"featured_media":6037,"menu_order":3,"template":"","meta":[],"category_tracks":[],"blocksy_meta":{"styles_descriptor":{"styles":{"desktop":"","tablet":"","mobile":""},"google_fonts":[]}},"featured_image_urls":{"full":["https:\/\/www.genverde.it\/wp-content\/uploads\/2021\/05\/1998_40-Come-fuoco-vivo.jpg",344,344,false],"thumbnail":["https:\/\/www.genverde.it\/wp-content\/uploads\/2021\/05\/1998_40-Come-fuoco-vivo-150x150.jpg",150,150,true],"medium":["https:\/\/www.genverde.it\/wp-content\/uploads\/2021\/05\/1998_40-Come-fuoco-vivo-300x300.jpg",300,300,true],"medium_large":["https:\/\/www.genverde.it\/wp-content\/uploads\/2021\/05\/1998_40-Come-fuoco-vivo.jpg",344,344,false],"large":["https:\/\/www.genverde.it\/wp-content\/uploads\/2021\/05\/1998_40-Come-fuoco-vivo.jpg",344,344,false],"1536x1536":["https:\/\/www.genverde.it\/wp-content\/uploads\/2021\/05\/1998_40-Come-fuoco-vivo.jpg",344,344,false],"2048x2048":["https:\/\/www.genverde.it\/wp-content\/uploads\/2021\/05\/1998_40-Come-fuoco-vivo.jpg",344,344,false]},"post_excerpt_stackable":"<p>Gloria, gloria, gloria in excelsis Deo. Gloria, gloria, gloria in excelsis Deo. E pace in terra agli uomini di buona volont\u00e0. (2v) Noi Ti lodiamo, Ti benediciamo, Ti adoriamo, Ti glorifichiamo, Ti rendiamo grazie per la Tua immensa gloria. Signore Dio, gloria, Re del cielo, gloria, Dio Padre onnipotente in excelsis Deo Figlio unigenito, gloria, Ges\u00f9 Cristo, gloria, Agnello di Dio, gloria, Figlio del Padre, in excelsis Deo. Tu che togli i peccati del mondo, abbi piet\u00e0 di noi. Accogli la nostra supplica. Tu che siedi alla destra del Padre, abbi piet\u00e0, abbi piet\u00e0 di noi. Perch\u00e9 Tu solo il&hellip;<\/p>\n","category_list":"","author_info":{"name":"","url":""},"comments_num":"0 comentarios","yoast_head":"<!-- This site is optimized with the Yoast SEO plugin v20.10 - https:\/\/yoast.com\/wordpress\/plugins\/seo\/ -->\n<title>Gloria Testo e PDF<\/title>\n<meta name=\"robots\" content=\"index, follow, max-snippet:-1, max-image-preview:large, max-video-preview:-1\" \/>\n<link rel=\"canonical\" href=\"https:\/\/www.genverde.it\/es\/wp-json\/wp\/v2\/track\/6086\/\" \/>\n<meta property=\"og:locale\" content=\"es_ES\" \/>\n<meta property=\"og:type\" content=\"article\" \/>\n<meta property=\"og:title\" content=\"Gloria Testo e PDF\" \/>\n<meta property=\"og:description\" content=\"Gloria, gloria, gloria in excelsis Deo. Gloria, gloria, gloria in excelsis Deo. E pace in\u2026\" \/>\n<meta property=\"og:url\" content=\"https:\/\/www.genverde.it\/es\/track\/gloria-3\/\" \/>\n<meta property=\"og:site_name\" content=\"Gen Verde\" \/>\n<meta property=\"article:modified_time\" content=\"2025-11-12T09:39:38+00:00\" \/>\n<meta property=\"og:image\" content=\"https:\/\/www.genverde.it\/wp-content\/uploads\/2021\/05\/1998_40-Come-fuoco-vivo.jpg\" \/>\n\t<meta property=\"og:image:width\" content=\"344\" \/>\n\t<meta property=\"og:image:height\" content=\"344\" \/>\n\t<meta property=\"og:image:type\" content=\"image\/jpeg\" \/>\n<meta name=\"twitter:card\" content=\"summary_large_image\" \/>\n<meta name=\"twitter:label1\" content=\"Tiempo de lectura\" \/>\n\t<meta name=\"twitter:data1\" content=\"2 minutos\" \/>\n<script type=\"application\/ld+json\" class=\"yoast-schema-graph\">{\"@context\":\"https:\/\/schema.org\",\"@graph\":[{\"@type\":\"WebPage\",\"@id\":\"https:\/\/www.genverde.it\/es\/track\/gloria-3\/\",\"url\":\"https:\/\/www.genverde.it\/es\/track\/gloria-3\/\",\"name\":\"Gloria Testo e PDF\",\"isPartOf\":{\"@id\":\"https:\/\/www.genverde.it\/es\/#website\"},\"datePublished\":\"1998-06-09T10:12:51+00:00\",\"dateModified\":\"2025-11-12T09:39:38+00:00\",\"breadcrumb\":{\"@id\":\"https:\/\/www.genverde.it\/es\/track\/gloria-3\/#breadcrumb\"},\"inLanguage\":\"es\",\"potentialAction\":[{\"@type\":\"ReadAction\",\"target\":[\"https:\/\/www.genverde.it\/es\/track\/gloria-3\/\"]}]},{\"@type\":\"BreadcrumbList\",\"@id\":\"https:\/\/www.genverde.it\/es\/track\/gloria-3\/#breadcrumb\",\"itemListElement\":[{\"@type\":\"ListItem\",\"position\":1,\"name\":\"Home\",\"item\":\"https:\/\/www.genverde.it\/es\/\"},{\"@type\":\"ListItem\",\"position\":2,\"name\":\"Gloria\"}]},{\"@type\":\"WebSite\",\"@id\":\"https:\/\/www.genverde.it\/es\/#website\",\"url\":\"https:\/\/www.genverde.it\/es\/\",\"name\":\"Gen Verde\",\"description\":\"\",\"publisher\":{\"@id\":\"https:\/\/www.genverde.it\/es\/#organization\"},\"potentialAction\":[{\"@type\":\"SearchAction\",\"target\":{\"@type\":\"EntryPoint\",\"urlTemplate\":\"https:\/\/www.genverde.it\/es\/?s={search_term_string}\"},\"query-input\":\"required name=search_term_string\"}],\"inLanguage\":\"es\"},{\"@type\":\"Organization\",\"@id\":\"https:\/\/www.genverde.it\/es\/#organization\",\"name\":\"Gen Verde\",\"url\":\"https:\/\/www.genverde.it\/es\/\",\"logo\":{\"@type\":\"ImageObject\",\"inLanguage\":\"es\",\"@id\":\"https:\/\/www.genverde.it\/es\/#\/schema\/logo\/image\/\",\"url\":\"https:\/\/www.genverde.it\/wp-content\/uploads\/2021\/05\/logo-gen-verde-black.png\",\"contentUrl\":\"https:\/\/www.genverde.it\/wp-content\/uploads\/2021\/05\/logo-gen-verde-black.png\",\"width\":646,\"height\":392,\"caption\":\"Gen Verde\"},\"image\":{\"@id\":\"https:\/\/www.genverde.it\/es\/#\/schema\/logo\/image\/\"}}]}<\/script>\n<!-- \/ Yoast SEO plugin. -->","yoast_head_json":{"title":"Gloria Testo e PDF","robots":{"index":"index","follow":"follow","max-snippet":"max-snippet:-1","max-image-preview":"max-image-preview:large","max-video-preview":"max-video-preview:-1"},"canonical":"https:\/\/www.genverde.it\/es\/wp-json\/wp\/v2\/track\/6086\/","og_locale":"es_ES","og_type":"article","og_title":"Gloria Testo e PDF","og_description":"Gloria, gloria, gloria in excelsis Deo. Gloria, gloria, gloria in excelsis Deo. E pace in\u2026","og_url":"https:\/\/www.genverde.it\/es\/track\/gloria-3\/","og_site_name":"Gen Verde","article_modified_time":"2025-11-12T09:39:38+00:00","og_image":[{"width":344,"height":344,"url":"https:\/\/www.genverde.it\/wp-content\/uploads\/2021\/05\/1998_40-Come-fuoco-vivo.jpg","type":"image\/jpeg"}],"twitter_card":"summary_large_image","twitter_misc":{"Tiempo de lectura":"2 minutos"},"schema":{"@context":"https:\/\/schema.org","@graph":[{"@type":"WebPage","@id":"https:\/\/www.genverde.it\/es\/track\/gloria-3\/","url":"https:\/\/www.genverde.it\/es\/track\/gloria-3\/","name":"Gloria Testo e PDF","isPartOf":{"@id":"https:\/\/www.genverde.it\/es\/#website"},"datePublished":"1998-06-09T10:12:51+00:00","dateModified":"2025-11-12T09:39:38+00:00","breadcrumb":{"@id":"https:\/\/www.genverde.it\/es\/track\/gloria-3\/#breadcrumb"},"inLanguage":"es","potentialAction":[{"@type":"ReadAction","target":["https:\/\/www.genverde.it\/es\/track\/gloria-3\/"]}]},{"@type":"BreadcrumbList","@id":"https:\/\/www.genverde.it\/es\/track\/gloria-3\/#breadcrumb","itemListElement":[{"@type":"ListItem","position":1,"name":"Home","item":"https:\/\/www.genverde.it\/es\/"},{"@type":"ListItem","position":2,"name":"Gloria"}]},{"@type":"WebSite","@id":"https:\/\/www.genverde.it\/es\/#website","url":"https:\/\/www.genverde.it\/es\/","name":"Gen Verde","description":"","publisher":{"@id":"https:\/\/www.genverde.it\/es\/#organization"},"potentialAction":[{"@type":"SearchAction","target":{"@type":"EntryPoint","urlTemplate":"https:\/\/www.genverde.it\/es\/?s={search_term_string}"},"query-input":"required name=search_term_string"}],"inLanguage":"es"},{"@type":"Organization","@id":"https:\/\/www.genverde.it\/es\/#organization","name":"Gen Verde","url":"https:\/\/www.genverde.it\/es\/","logo":{"@type":"ImageObject","inLanguage":"es","@id":"https:\/\/www.genverde.it\/es\/#\/schema\/logo\/image\/","url":"https:\/\/www.genverde.it\/wp-content\/uploads\/2021\/05\/logo-gen-verde-black.png","contentUrl":"https:\/\/www.genverde.it\/wp-content\/uploads\/2021\/05\/logo-gen-verde-black.png","width":646,"height":392,"caption":"Gen Verde"},"image":{"@id":"https:\/\/www.genverde.it\/es\/#\/schema\/logo\/image\/"}}]}},"_links":{"self":[{"href":"https:\/\/www.genverde.it\/es\/wp-json\/wp\/v2\/track\/6086"}],"collection":[{"href":"https:\/\/www.genverde.it\/es\/wp-json\/wp\/v2\/track"}],"about":[{"href":"https:\/\/www.genverde.it\/es\/wp-json\/wp\/v2\/types\/track"}],"wp:featuredmedia":[{"embeddable":true,"href":"https:\/\/www.genverde.it\/es\/wp-json\/wp\/v2\/media\/6037"}],"wp:attachment":[{"href":"https:\/\/www.genverde.it\/es\/wp-json\/wp\/v2\/media?parent=6086"}],"wp:term":[{"taxonomy":"category_tracks","embeddable":true,"href":"https:\/\/www.genverde.it\/es\/wp-json\/wp\/v2\/category_tracks?post=6086"}],"curies":[{"name":"wp","href":"https:\/\/api.w.org\/{rel}","templated":true}]}}

<div class="is-layout-flex wp-container-3 wp-block-columns">
<div class="is-layout-flow wp-block-column" style="flex-basis:66.66%">
<p><strong><em>Gloria, gloria,</em></strong> <br/><strong><em>gloria in excelsis Deo.</em></strong> <br/><strong><em>Gloria, gloria,</em></strong> <br/><strong><em>gloria in excelsis Deo.</em></strong> </p>



<p>E pace in terra <br/>agli uomini di buona volontà. (2v) <br/>Noi Ti lodiamo, <br/>Ti benediciamo, <br/>Ti adoriamo, <br/>Ti glorifichiamo,  </p>



<p>Ti rendiamo grazie <br/>per la Tua immensa <br/><strong><em>gloria. </em></strong> Signore Dio, <br/><strong><em>gloria, </em></strong> Re del cielo, <br/><strong><em>gloria, </em></strong> Dio Padre onnipotente <br/><strong><em>in excelsis Deo</em></strong> <br/>Figlio unigenito, <br/><strong><em>gloria,</em></strong> Gesù Cristo, <br/><strong><em>gloria, </em></strong> Agnello di Dio, <br/><strong><em>gloria, </em></strong> Figlio del Padre, <br/><strong><em>in excelsis Deo.</em></strong> <br/>Tu che togli i peccati del mondo, <br/>abbi pietà di noi. </p>



<p>Accogli la nostra supplica. <br/>Tu che siedi alla destra del Padre, <br/>abbi pietà, <br/>abbi pietà di noi. <br/>Perché Tu solo il Santo, <br/>Tu solo il Signore, <br/>Tu solo l&#8217;Altissimo, <br/>Gesù Cristo, <br/>con lo Spirito Santo, <br/>nella gloria di Dio Padre. </p>



<p><strong>Amen. Amen. Amen. Amen.</strong> </p>
</div>



<div class="is-layout-flow wp-block-column" style="flex-basis:33.33%">
<figure class="wp-block-image size-large"><img decoding="async" width="344" height="344" src="https://www.genverde.it/wp-content/uploads/2021/05/1998_40-Come-fuoco-vivo.jpg" alt="" class="wp-image-1035" srcset="https://www.genverde.it/wp-content/uploads/2021/05/1998_40-Come-fuoco-vivo.jpg 344w, https://www.genverde.it/wp-content/uploads/2021/05/1998_40-Come-fuoco-vivo-300x300.jpg 300w, https://www.genverde.it/wp-content/uploads/2021/05/1998_40-Come-fuoco-vivo-150x150.jpg 150w" sizes="(max-width: 344px) 100vw, 344px" /></figure>



<p>1998</p>



<h3><strong>Come fuoco vivo </strong></h3>



<p><em>Testo: Dalla Liturgia</em> <br/><em>Musica: Jocelyn K. Belamide, Benedikt Enderle </em> <br/><em>© Copyright Gen Verde della P.A.F.O.M. e</em> <br/><em>Gen Rosso Edizioni Musicali Soc. Coop</em>.<em> </em><br/><em>All rights reserved</em> <br/><em>www.genverde.it e www.genrosso.com</em> </p>



<p></p>


<div class="streaming-download-link noprint"></div><a class="print-track noprint" href="javascript:if(window.print)window.print()"><span class="icons icon-print"></span></a></div>
</div>
</div>
<p><!-- /wp:columns --></p>

<p>Gloria, gloria, gloria in excelsis Deo. Gloria, gloria, gloria in excelsis Deo. E pace in terra agli uomini di buona volontà. (2v) Noi Ti lodiamo, Ti benediciamo, Ti adoriamo, Ti glorifichiamo, Ti rendiamo grazie per la Tua immensa gloria. Signore Dio, gloria, Re del cielo, gloria, Dio Padre onnipotente in excelsis Deo Figlio unigenito, gloria, Gesù Cristo, gloria, Agnello di Dio, gloria, Figlio del Padre, in excelsis Deo. Tu che togli i peccati del mondo, abbi pietà di noi. Accogli la nostra supplica. Tu che siedi alla destra del Padre, abbi pietà, abbi pietà di noi. Perché Tu solo il&hellip;</p>
