{"id":6310,"date":"2015-09-10T14:15:06","date_gmt":"2015-09-10T12:15:06","guid":{"rendered":"https:\/\/www.genverde.it\/track\/voz-de-la-verdad\/"},"modified":"2023-02-16T17:19:26","modified_gmt":"2023-02-16T16:19:26","slug":"voz-de-la-verdad","status":"publish","type":"track","link":"https:\/\/www.genverde.it\/es\/track\/voz-de-la-verdad\/","title":{"rendered":"Voz de la verdad"},"content":{"rendered":"\n<div class=\"is-layout-flex wp-container-3 wp-block-columns\">\n<div class=\"is-layout-flow wp-block-column\" style=\"flex-basis:66.66%\">\n<p>Tierra amada, cuantos a\u00f1os pasados y ahora vuelvo a ti<br\/>T\u00fa me acoges con sonrisas e intensos colores<br\/>El azul, el volc\u00e1n con el sol que envuelve la ciudad<br\/>Es el fondo que realza el blanco de tu catedral<\/p>\n\n\n\n<p>Hoy recuerdo cuando ni\u00f1a ven\u00eda a tu plaza a pasear<br\/>Yo ve\u00eda altos muros oscuros y grises<br\/>Esos d\u00edas, herv\u00eda en el aire clamor de opresi\u00f3n<br\/>Y entre tanta confusi\u00f3n se alz\u00f3 una voz<\/p>\n\n\n\n<p><strong>Voz de la verdad<br\/>Tomaste sobre ti cada dolor<br\/>Venciendo todo miedo por amor<br\/>Ardor y decisi\u00f3n<br\/>Semilla de liberaci\u00f3n<br\/>Hablabas siempre a nuestro coraz\u00f3n<br\/>Cordero y le\u00f3n<\/strong><\/p>\n\n\n\n<p>Pero el odio fue cegando los ojos de mano criminal<br\/>Y tu grito aquel d\u00eda cay\u00f3 en el silencio<br\/>A la plaza acudieron tus hijos hu\u00e9rfanos de ti<br\/>Y su sangre con la tuya como un r\u00edo empez\u00f3 a correr<\/p>\n\n\n\n<p>Las heridas que se abrieron entonces a\u00fan quedan por sanar<br\/>En hermanos despojados de sus familias,<br\/>Que tat\u00faan su dolor en busca de una identidad<br\/>S\u00f3lo el eco de tu amor los sanar\u00e1<\/p>\n\n\n\n<p><strong>Voz de la verdad<br\/>Tomaste sobre ti cada dolor<br\/>Venciendo todo miedo por amor<br\/>Ardor y decisi\u00f3n<br\/>Semilla de liberaci\u00f3n<br\/>Hablabas siempre a nuestro coraz\u00f3n<br\/>Cordero y le\u00f3n<\/strong><\/p>\n\n\n\n<p>Cada noche nos anuncia que el alba volver\u00e1<br\/>En la plaza, se alza un canto nuevo<br\/>Eres faro que alumbras nuestro caminar<br\/>Para dar cosechas de justicia y paz<\/p>\n\n\n\n<p><strong>Voz de la verdad<br\/>Tomaste sobre ti cada dolor<br\/>Venciendo todo miedo por amor<br\/>Ardor y decisi\u00f3n<br\/>Semilla de liberaci\u00f3n<br\/>Hablabas siempre a nuestro coraz\u00f3n<br\/>Cordero y le\u00f3n<\/strong><\/p>\n\n\n\n<p>Voz de la verdad<br\/>Cordero y le\u00f3n<\/p>\n<\/div>\n\n\n\n<div class=\"is-layout-flow wp-block-column\" style=\"flex-basis:33.33%\">\n<figure class=\"wp-block-image size-large\"><img decoding=\"async\" width=\"344\" height=\"344\" src=\"https:\/\/www.genverde.it\/wp-content\/uploads\/2021\/05\/2015_16-On-the-Other-Side.jpg\" alt=\"\" class=\"wp-image-914\" srcset=\"https:\/\/www.genverde.it\/wp-content\/uploads\/2021\/05\/2015_16-On-the-Other-Side.jpg 344w, https:\/\/www.genverde.it\/wp-content\/uploads\/2021\/05\/2015_16-On-the-Other-Side-300x300.jpg 300w, https:\/\/www.genverde.it\/wp-content\/uploads\/2021\/05\/2015_16-On-the-Other-Side-150x150.jpg 150w\" sizes=\"(max-width: 344px) 100vw, 344px\" \/><\/figure>\n\n\n\n<p>2015<\/p>\n\n\n\n<h3><strong>On the Other Side <\/strong><\/h3>\n\n\n\n<p>M\u00fasica: Nancy L. Uelmen<br\/>Letra: Sarah G. McAllister<br\/>\u00a9 Copyright Gen Verde della P.A.F.O.M. <br\/>All rights reserved<br\/>www.genverde.it<\/p>\n\n\n\n<p><\/p>\n\n\n<div class=\"streaming-download-link noprint\"><div class=\"streaming-container\"><div class=\"streaming-links-container\"><a class=\"link-apple-music\" href=\"https:\/\/music.apple.com\/it\/album\/voz-de-la-verdad\/1653500435?i=1653501613\" target = \"_blank\"><span class=\"icons icon-apple\"><\/span><\/a><a class=\"link-spotify\" href=\"https:\/\/open.spotify.com\/track\/0zIAgvx5MeC7J2RgLlK0r3?si=a660810246ca4920\" target = \"_blank\"><span class=\"icons icon-spotify\"><\/span><\/a><a class=\"link-amazon-music\" href=\"https:\/\/music.amazon.fr\/albums\/B0BLJ68G63?marketplaceId=A13V1IB3VIYZZH&musicTerritory=FR&ref=dm_sh_cVqboIV29SVfE1bTT56Wr2bhy&trackAsin=B0BLJCPMH9\" target = \"_blank\"><span class=\"icons icon-amazon\"><\/span><\/a><\/div> <\/div><div class=\"download-container\"><h2 style=\"font-size:23px; letter-spacing:0px;\" class=\"download-title\">Descargar<\/h2><div class=\"single-download\"><a href =\"https:\/\/www.genverde.it\/wp-content\/uploads\/2021\/06\/09-Voz-de-la-verdad.pdf\" target=\"_blank\"><span class=\"icons icon-download\"><\/span> Partitura<\/a><\/div><\/div><a class=\"print-track noprint\" href=\"javascript:if(window.print)window.print()\"><span class=\"icons icon-print\"><\/span><\/a><\/div>\n<\/div>\n<\/div>\n<p><!-- \/wp:columns --><\/p>\n","protected":false},"featured_media":6297,"menu_order":9,"template":"","meta":[],"category_tracks":[],"blocksy_meta":{"styles_descriptor":{"styles":{"desktop":"","tablet":"","mobile":""},"google_fonts":[]}},"featured_image_urls":{"full":["https:\/\/www.genverde.it\/wp-content\/uploads\/2021\/05\/2015_16-On-the-Other-Side.jpg",344,344,false],"thumbnail":["https:\/\/www.genverde.it\/wp-content\/uploads\/2021\/05\/2015_16-On-the-Other-Side-150x150.jpg",150,150,true],"medium":["https:\/\/www.genverde.it\/wp-content\/uploads\/2021\/05\/2015_16-On-the-Other-Side-300x300.jpg",300,300,true],"medium_large":["https:\/\/www.genverde.it\/wp-content\/uploads\/2021\/05\/2015_16-On-the-Other-Side.jpg",344,344,false],"large":["https:\/\/www.genverde.it\/wp-content\/uploads\/2021\/05\/2015_16-On-the-Other-Side.jpg",344,344,false],"1536x1536":["https:\/\/www.genverde.it\/wp-content\/uploads\/2021\/05\/2015_16-On-the-Other-Side.jpg",344,344,false],"2048x2048":["https:\/\/www.genverde.it\/wp-content\/uploads\/2021\/05\/2015_16-On-the-Other-Side.jpg",344,344,false]},"post_excerpt_stackable":"<p>Tierra amada, cuantos a\u00f1os pasados y ahora vuelvo a tiT\u00fa me acoges con sonrisas e intensos coloresEl azul, el volc\u00e1n con el sol que envuelve la ciudadEs el fondo que realza el blanco de tu catedral Hoy recuerdo cuando ni\u00f1a ven\u00eda a tu plaza a pasearYo ve\u00eda altos muros oscuros y grisesEsos d\u00edas, herv\u00eda en el aire clamor de opresi\u00f3nY entre tanta confusi\u00f3n se alz\u00f3 una voz Voz de la verdadTomaste sobre ti cada dolorVenciendo todo miedo por amorArdor y decisi\u00f3nSemilla de liberaci\u00f3nHablabas siempre a nuestro coraz\u00f3nCordero y le\u00f3n Pero el odio fue cegando los ojos de mano criminalY tu&hellip;<\/p>\n","category_list":"","author_info":{"name":"","url":""},"comments_num":"0 comentarios","yoast_head":"<!-- This site is optimized with the Yoast SEO plugin v20.10 - https:\/\/yoast.com\/wordpress\/plugins\/seo\/ -->\n<title>Voz de la verdad Testo e PDF<\/title>\n<meta name=\"robots\" content=\"index, follow, max-snippet:-1, max-image-preview:large, max-video-preview:-1\" \/>\n<link rel=\"canonical\" href=\"https:\/\/www.genverde.it\/es\/wp-json\/wp\/v2\/track\/6310\/\" \/>\n<meta property=\"og:locale\" content=\"es_ES\" \/>\n<meta property=\"og:type\" content=\"article\" \/>\n<meta property=\"og:title\" content=\"Voz de la verdad Testo e PDF\" \/>\n<meta property=\"og:description\" content=\"Tierra amada, cuantos a\u00f1os pasados y ahora vuelvo a tiT\u00fa me acoges con sonrisas e\u2026\" \/>\n<meta property=\"og:url\" content=\"https:\/\/www.genverde.it\/es\/track\/voz-de-la-verdad\/\" \/>\n<meta property=\"og:site_name\" content=\"Gen Verde\" \/>\n<meta property=\"article:modified_time\" content=\"2023-02-16T16:19:26+00:00\" \/>\n<meta property=\"og:image\" content=\"https:\/\/www.genverde.it\/wp-content\/uploads\/2021\/05\/2015_16-On-the-Other-Side.jpg\" \/>\n\t<meta property=\"og:image:width\" content=\"344\" \/>\n\t<meta property=\"og:image:height\" content=\"344\" \/>\n\t<meta property=\"og:image:type\" content=\"image\/jpeg\" \/>\n<meta name=\"twitter:card\" content=\"summary_large_image\" \/>\n<meta name=\"twitter:label1\" content=\"Tiempo de lectura\" \/>\n\t<meta name=\"twitter:data1\" content=\"2 minutos\" \/>\n<script type=\"application\/ld+json\" class=\"yoast-schema-graph\">{\"@context\":\"https:\/\/schema.org\",\"@graph\":[{\"@type\":\"WebPage\",\"@id\":\"https:\/\/www.genverde.it\/es\/track\/voz-de-la-verdad\/\",\"url\":\"https:\/\/www.genverde.it\/es\/track\/voz-de-la-verdad\/\",\"name\":\"Voz de la verdad Testo e PDF\",\"isPartOf\":{\"@id\":\"https:\/\/www.genverde.it\/es\/#website\"},\"datePublished\":\"2015-09-10T12:15:06+00:00\",\"dateModified\":\"2023-02-16T16:19:26+00:00\",\"breadcrumb\":{\"@id\":\"https:\/\/www.genverde.it\/es\/track\/voz-de-la-verdad\/#breadcrumb\"},\"inLanguage\":\"es\",\"potentialAction\":[{\"@type\":\"ReadAction\",\"target\":[\"https:\/\/www.genverde.it\/es\/track\/voz-de-la-verdad\/\"]}]},{\"@type\":\"BreadcrumbList\",\"@id\":\"https:\/\/www.genverde.it\/es\/track\/voz-de-la-verdad\/#breadcrumb\",\"itemListElement\":[{\"@type\":\"ListItem\",\"position\":1,\"name\":\"Home\",\"item\":\"https:\/\/www.genverde.it\/es\/\"},{\"@type\":\"ListItem\",\"position\":2,\"name\":\"Voz de la verdad\"}]},{\"@type\":\"WebSite\",\"@id\":\"https:\/\/www.genverde.it\/es\/#website\",\"url\":\"https:\/\/www.genverde.it\/es\/\",\"name\":\"Gen Verde\",\"description\":\"\",\"publisher\":{\"@id\":\"https:\/\/www.genverde.it\/es\/#organization\"},\"potentialAction\":[{\"@type\":\"SearchAction\",\"target\":{\"@type\":\"EntryPoint\",\"urlTemplate\":\"https:\/\/www.genverde.it\/es\/?s={search_term_string}\"},\"query-input\":\"required name=search_term_string\"}],\"inLanguage\":\"es\"},{\"@type\":\"Organization\",\"@id\":\"https:\/\/www.genverde.it\/es\/#organization\",\"name\":\"Gen Verde\",\"url\":\"https:\/\/www.genverde.it\/es\/\",\"logo\":{\"@type\":\"ImageObject\",\"inLanguage\":\"es\",\"@id\":\"https:\/\/www.genverde.it\/es\/#\/schema\/logo\/image\/\",\"url\":\"https:\/\/www.genverde.it\/wp-content\/uploads\/2021\/05\/logo-gen-verde-black.png\",\"contentUrl\":\"https:\/\/www.genverde.it\/wp-content\/uploads\/2021\/05\/logo-gen-verde-black.png\",\"width\":646,\"height\":392,\"caption\":\"Gen Verde\"},\"image\":{\"@id\":\"https:\/\/www.genverde.it\/es\/#\/schema\/logo\/image\/\"}}]}<\/script>\n<!-- \/ Yoast SEO plugin. -->","yoast_head_json":{"title":"Voz de la verdad Testo e PDF","robots":{"index":"index","follow":"follow","max-snippet":"max-snippet:-1","max-image-preview":"max-image-preview:large","max-video-preview":"max-video-preview:-1"},"canonical":"https:\/\/www.genverde.it\/es\/wp-json\/wp\/v2\/track\/6310\/","og_locale":"es_ES","og_type":"article","og_title":"Voz de la verdad Testo e PDF","og_description":"Tierra amada, cuantos a\u00f1os pasados y ahora vuelvo a tiT\u00fa me acoges con sonrisas e\u2026","og_url":"https:\/\/www.genverde.it\/es\/track\/voz-de-la-verdad\/","og_site_name":"Gen Verde","article_modified_time":"2023-02-16T16:19:26+00:00","og_image":[{"width":344,"height":344,"url":"https:\/\/www.genverde.it\/wp-content\/uploads\/2021\/05\/2015_16-On-the-Other-Side.jpg","type":"image\/jpeg"}],"twitter_card":"summary_large_image","twitter_misc":{"Tiempo de lectura":"2 minutos"},"schema":{"@context":"https:\/\/schema.org","@graph":[{"@type":"WebPage","@id":"https:\/\/www.genverde.it\/es\/track\/voz-de-la-verdad\/","url":"https:\/\/www.genverde.it\/es\/track\/voz-de-la-verdad\/","name":"Voz de la verdad Testo e PDF","isPartOf":{"@id":"https:\/\/www.genverde.it\/es\/#website"},"datePublished":"2015-09-10T12:15:06+00:00","dateModified":"2023-02-16T16:19:26+00:00","breadcrumb":{"@id":"https:\/\/www.genverde.it\/es\/track\/voz-de-la-verdad\/#breadcrumb"},"inLanguage":"es","potentialAction":[{"@type":"ReadAction","target":["https:\/\/www.genverde.it\/es\/track\/voz-de-la-verdad\/"]}]},{"@type":"BreadcrumbList","@id":"https:\/\/www.genverde.it\/es\/track\/voz-de-la-verdad\/#breadcrumb","itemListElement":[{"@type":"ListItem","position":1,"name":"Home","item":"https:\/\/www.genverde.it\/es\/"},{"@type":"ListItem","position":2,"name":"Voz de la verdad"}]},{"@type":"WebSite","@id":"https:\/\/www.genverde.it\/es\/#website","url":"https:\/\/www.genverde.it\/es\/","name":"Gen Verde","description":"","publisher":{"@id":"https:\/\/www.genverde.it\/es\/#organization"},"potentialAction":[{"@type":"SearchAction","target":{"@type":"EntryPoint","urlTemplate":"https:\/\/www.genverde.it\/es\/?s={search_term_string}"},"query-input":"required name=search_term_string"}],"inLanguage":"es"},{"@type":"Organization","@id":"https:\/\/www.genverde.it\/es\/#organization","name":"Gen Verde","url":"https:\/\/www.genverde.it\/es\/","logo":{"@type":"ImageObject","inLanguage":"es","@id":"https:\/\/www.genverde.it\/es\/#\/schema\/logo\/image\/","url":"https:\/\/www.genverde.it\/wp-content\/uploads\/2021\/05\/logo-gen-verde-black.png","contentUrl":"https:\/\/www.genverde.it\/wp-content\/uploads\/2021\/05\/logo-gen-verde-black.png","width":646,"height":392,"caption":"Gen Verde"},"image":{"@id":"https:\/\/www.genverde.it\/es\/#\/schema\/logo\/image\/"}}]}},"_links":{"self":[{"href":"https:\/\/www.genverde.it\/es\/wp-json\/wp\/v2\/track\/6310"}],"collection":[{"href":"https:\/\/www.genverde.it\/es\/wp-json\/wp\/v2\/track"}],"about":[{"href":"https:\/\/www.genverde.it\/es\/wp-json\/wp\/v2\/types\/track"}],"wp:featuredmedia":[{"embeddable":true,"href":"https:\/\/www.genverde.it\/es\/wp-json\/wp\/v2\/media\/6297"}],"wp:attachment":[{"href":"https:\/\/www.genverde.it\/es\/wp-json\/wp\/v2\/media?parent=6310"}],"wp:term":[{"taxonomy":"category_tracks","embeddable":true,"href":"https:\/\/www.genverde.it\/es\/wp-json\/wp\/v2\/category_tracks?post=6310"}],"curies":[{"name":"wp","href":"https:\/\/api.w.org\/{rel}","templated":true}]}}

<div class="is-layout-flex wp-container-3 wp-block-columns">
<div class="is-layout-flow wp-block-column" style="flex-basis:66.66%">
<p>Tierra amada, cuantos años pasados y ahora vuelvo a ti<br/>Tú me acoges con sonrisas e intensos colores<br/>El azul, el volcán con el sol que envuelve la ciudad<br/>Es el fondo que realza el blanco de tu catedral</p>



<p>Hoy recuerdo cuando niña venía a tu plaza a pasear<br/>Yo veía altos muros oscuros y grises<br/>Esos días, hervía en el aire clamor de opresión<br/>Y entre tanta confusión se alzó una voz</p>



<p><strong>Voz de la verdad<br/>Tomaste sobre ti cada dolor<br/>Venciendo todo miedo por amor<br/>Ardor y decisión<br/>Semilla de liberación<br/>Hablabas siempre a nuestro corazón<br/>Cordero y león</strong></p>



<p>Pero el odio fue cegando los ojos de mano criminal<br/>Y tu grito aquel día cayó en el silencio<br/>A la plaza acudieron tus hijos huérfanos de ti<br/>Y su sangre con la tuya como un río empezó a correr</p>



<p>Las heridas que se abrieron entonces aún quedan por sanar<br/>En hermanos despojados de sus familias,<br/>Que tatúan su dolor en busca de una identidad<br/>Sólo el eco de tu amor los sanará</p>



<p><strong>Voz de la verdad<br/>Tomaste sobre ti cada dolor<br/>Venciendo todo miedo por amor<br/>Ardor y decisión<br/>Semilla de liberación<br/>Hablabas siempre a nuestro corazón<br/>Cordero y león</strong></p>



<p>Cada noche nos anuncia que el alba volverá<br/>En la plaza, se alza un canto nuevo<br/>Eres faro que alumbras nuestro caminar<br/>Para dar cosechas de justicia y paz</p>



<p><strong>Voz de la verdad<br/>Tomaste sobre ti cada dolor<br/>Venciendo todo miedo por amor<br/>Ardor y decisión<br/>Semilla de liberación<br/>Hablabas siempre a nuestro corazón<br/>Cordero y león</strong></p>



<p>Voz de la verdad<br/>Cordero y león</p>
</div>



<div class="is-layout-flow wp-block-column" style="flex-basis:33.33%">
<figure class="wp-block-image size-large"><img decoding="async" width="344" height="344" src="https://www.genverde.it/wp-content/uploads/2021/05/2015_16-On-the-Other-Side.jpg" alt="" class="wp-image-914" srcset="https://www.genverde.it/wp-content/uploads/2021/05/2015_16-On-the-Other-Side.jpg 344w, https://www.genverde.it/wp-content/uploads/2021/05/2015_16-On-the-Other-Side-300x300.jpg 300w, https://www.genverde.it/wp-content/uploads/2021/05/2015_16-On-the-Other-Side-150x150.jpg 150w" sizes="(max-width: 344px) 100vw, 344px" /></figure>



<p>2015</p>



<h3><strong>On the Other Side </strong></h3>



<p>Música: Nancy L. Uelmen<br/>Letra: Sarah G. McAllister<br/>© Copyright Gen Verde della P.A.F.O.M. <br/>All rights reserved<br/>www.genverde.it</p>



<p></p>


<div class="streaming-download-link noprint"><div class="streaming-container"><div class="streaming-links-container"><a class="link-apple-music" href="https://music.apple.com/it/album/voz-de-la-verdad/1653500435?i=1653501613" target = "_blank"><span class="icons icon-apple"></span></a><a class="link-spotify" href="https://open.spotify.com/track/0zIAgvx5MeC7J2RgLlK0r3?si=a660810246ca4920" target = "_blank"><span class="icons icon-spotify"></span></a><a class="link-amazon-music" href="https://music.amazon.fr/albums/B0BLJ68G63?marketplaceId=A13V1IB3VIYZZH&musicTerritory=FR&ref=dm_sh_cVqboIV29SVfE1bTT56Wr2bhy&trackAsin=B0BLJCPMH9" target = "_blank"><span class="icons icon-amazon"></span></a></div> </div><div class="download-container"><h2 style="font-size:23px; letter-spacing:0px;" class="download-title">Descargar</h2><div class="single-download"><a href ="https://www.genverde.it/wp-content/uploads/2021/06/09-Voz-de-la-verdad.pdf" target="_blank"><span class="icons icon-download"></span> Partitura</a></div></div><a class="print-track noprint" href="javascript:if(window.print)window.print()"><span class="icons icon-print"></span></a></div>
</div>
</div>
<p><!-- /wp:columns --></p>

<p>Tierra amada, cuantos años pasados y ahora vuelvo a tiTú me acoges con sonrisas e intensos coloresEl azul, el volcán con el sol que envuelve la ciudadEs el fondo que realza el blanco de tu catedral Hoy recuerdo cuando niña venía a tu plaza a pasearYo veía altos muros oscuros y grisesEsos días, hervía en el aire clamor de opresiónY entre tanta confusión se alzó una voz Voz de la verdadTomaste sobre ti cada dolorVenciendo todo miedo por amorArdor y decisiónSemilla de liberaciónHablabas siempre a nuestro corazónCordero y león Pero el odio fue cegando los ojos de mano criminalY tu&hellip;</p>

<!-- This site is optimized with the Yoast SEO plugin v20.10 - https://yoast.com/wordpress/plugins/seo/ -->
<title>Voz de la verdad Testo e PDF</title>
<meta name="robots" content="index, follow, max-snippet:-1, max-image-preview:large, max-video-preview:-1" />
<link rel="canonical" href="https://www.genverde.it/es/wp-json/wp/v2/track/6310/" />
<meta property="og:locale" content="es_ES" />
<meta property="og:type" content="article" />
<meta property="og:title" content="Voz de la verdad Testo e PDF" />
<meta property="og:description" content="Tierra amada, cuantos años pasados y ahora vuelvo a tiTú me acoges con sonrisas e…" />
<meta property="og:url" content="https://www.genverde.it/es/track/voz-de-la-verdad/" />
<meta property="og:site_name" content="Gen Verde" />
<meta property="article:modified_time" content="2023-02-16T16:19:26+00:00" />
<meta property="og:image" content="https://www.genverde.it/wp-content/uploads/2021/05/2015_16-On-the-Other-Side.jpg" />
	<meta property="og:image:width" content="344" />
	<meta property="og:image:height" content="344" />
	<meta property="og:image:type" content="image/jpeg" />
<meta name="twitter:card" content="summary_large_image" />
<meta name="twitter:label1" content="Tiempo de lectura" />
	<meta name="twitter:data1" content="2 minutos" />
<script type="application/ld+json" class="yoast-schema-graph">{"@context":"https://schema.org","@graph":[{"@type":"WebPage","@id":"https://www.genverde.it/es/track/voz-de-la-verdad/","url":"https://www.genverde.it/es/track/voz-de-la-verdad/","name":"Voz de la verdad Testo e PDF","isPartOf":{"@id":"https://www.genverde.it/es/#website"},"datePublished":"2015-09-10T12:15:06+00:00","dateModified":"2023-02-16T16:19:26+00:00","breadcrumb":{"@id":"https://www.genverde.it/es/track/voz-de-la-verdad/#breadcrumb"},"inLanguage":"es","potentialAction":[{"@type":"ReadAction","target":["https://www.genverde.it/es/track/voz-de-la-verdad/"]}]},{"@type":"BreadcrumbList","@id":"https://www.genverde.it/es/track/voz-de-la-verdad/#breadcrumb","itemListElement":[{"@type":"ListItem","position":1,"name":"Home","item":"https://www.genverde.it/es/"},{"@type":"ListItem","position":2,"name":"Voz de la verdad"}]},{"@type":"WebSite","@id":"https://www.genverde.it/es/#website","url":"https://www.genverde.it/es/","name":"Gen Verde","description":"","publisher":{"@id":"https://www.genverde.it/es/#organization"},"potentialAction":[{"@type":"SearchAction","target":{"@type":"EntryPoint","urlTemplate":"https://www.genverde.it/es/?s={search_term_string}"},"query-input":"required name=search_term_string"}],"inLanguage":"es"},{"@type":"Organization","@id":"https://www.genverde.it/es/#organization","name":"Gen Verde","url":"https://www.genverde.it/es/","logo":{"@type":"ImageObject","inLanguage":"es","@id":"https://www.genverde.it/es/#/schema/logo/image/","url":"https://www.genverde.it/wp-content/uploads/2021/05/logo-gen-verde-black.png","contentUrl":"https://www.genverde.it/wp-content/uploads/2021/05/logo-gen-verde-black.png","width":646,"height":392,"caption":"Gen Verde"},"image":{"@id":"https://www.genverde.it/es/#/schema/logo/image/"}}]}</script>
<!-- / Yoast SEO plugin. -->

Tierra amada, cuantos años pasados y ahora vuelvo a tiTú me acoges con sonrisas e…
