{"id":31729,"date":"2023-09-16T10:21:20","date_gmt":"2023-09-16T08:21:20","guid":{"rendered":"https:\/\/www.genverde.it\/track\/east-west-2\/"},"modified":"2023-10-13T11:29:08","modified_gmt":"2023-10-13T09:29:08","slug":"east-west-2","status":"publish","type":"track","link":"https:\/\/www.genverde.it\/pt\/track\/east-west-2\/","title":{"rendered":"East West"},"content":{"rendered":"\n<div class=\"is-layout-flex wp-container-3 wp-block-columns\">\n<div class=\"is-layout-flow wp-block-column\" style=\"flex-basis:66.66%\">\n<p><em>Experi\u00eancias traduzidas em m\u00fasica que, de diferentes maneiras, marcaram a vida dos membros do Gen Verde e de outros.<\/em><\/p>\n\n\n\n<p style=\"font-size:30px\">Musica instrumental<\/p>\n<\/div>\n\n\n\n<div class=\"is-layout-flow wp-block-column\" style=\"flex-basis:33.33%\">\n<h3>Gen Verde U.S. Tour 2023 (Songs from the Concert &#8211; Compilation)<\/h3>\n\n\n<figure class=\"wp-block-post-featured-image\"><img width=\"2560\" height=\"2560\" src=\"https:\/\/www.genverde.it\/wp-content\/uploads\/2023\/09\/2023_Gen_Verde_U.S._Tour2023-scaled.jpg\" class=\"attachment-post-thumbnail size-post-thumbnail wp-post-image\" alt=\"Foto di gruppo per Tour negli USA 2023\" decoding=\"async\" loading=\"lazy\" srcset=\"https:\/\/www.genverde.it\/wp-content\/uploads\/2023\/09\/2023_Gen_Verde_U.S._Tour2023-scaled.jpg 2560w, https:\/\/www.genverde.it\/wp-content\/uploads\/2023\/09\/2023_Gen_Verde_U.S._Tour2023-300x300.jpg 300w, https:\/\/www.genverde.it\/wp-content\/uploads\/2023\/09\/2023_Gen_Verde_U.S._Tour2023-1024x1024.jpg 1024w, https:\/\/www.genverde.it\/wp-content\/uploads\/2023\/09\/2023_Gen_Verde_U.S._Tour2023-150x150.jpg 150w, https:\/\/www.genverde.it\/wp-content\/uploads\/2023\/09\/2023_Gen_Verde_U.S._Tour2023-768x768.jpg 768w, https:\/\/www.genverde.it\/wp-content\/uploads\/2023\/09\/2023_Gen_Verde_U.S._Tour2023-1536x1536.jpg 1536w, https:\/\/www.genverde.it\/wp-content\/uploads\/2023\/09\/2023_Gen_Verde_U.S._Tour2023-2048x2048.jpg 2048w\" sizes=\"(max-width: 2560px) 100vw, 2560px\" \/><\/figure>\n\n\n<p>2023<\/p>\n\n\n\n<p>M\u00fasica: Nancy L. Uelmen<br>\u00a9 Copyright Gen Verde della P.A.F.O.M.<br>All rights reserved<br>www.genverde.it<\/p>\n\n\n<div class=\"streaming-download-link noprint\"><div class=\"streaming-container\"><div class=\"streaming-links-container\"><a class=\"link-apple-music\" href=\"https:\/\/music.apple.com\/us\/album\/east-west\/1706150081?i=1706150435\" target = \"_blank\"><span class=\"icons icon-apple\"><\/span><\/a><a class=\"link-spotify\" href=\"https:\/\/open.spotify.com\/track\/4Y14gzuC5DBcpidhSUA2tp?si=126c99b16e464727\" target = \"_blank\"><span class=\"icons icon-spotify\"><\/span><\/a><a class=\"link-amazon-music\" href=\"https:\/\/music.amazon.com\/albums\/B0CHFVLCCX?marketplaceId=ATVPDKIKX0DER&musicTerritory=US&ref=dm_sh_Rp5B2SYAi20lGFoUph97r53Af&trackAsin=B0CHFVNS3N\" target = \"_blank\"><span class=\"icons icon-amazon\"><\/span><\/a><div class=\"youtube-container\"><a class=\"link-youtube\" href=\"https:\/\/www.youtube.com\/watch?v=4dNxXMHbMYs\" target = \"_blank\"><span class=\"icons icon-youtube\"><\/span> V\u00cdDEO<\/a><\/div><\/div> <\/div><\/div><a class=\"print-track noprint\" href=\"javascript:if(window.print)window.print()\"><span class=\"icons icon-print\"><\/span><\/a><\/div>\n<\/div>\n<\/div>\n","protected":false},"featured_media":31211,"menu_order":14,"template":"","meta":[],"category_tracks":[365],"blocksy_meta":{"styles_descriptor":{"styles":{"desktop":"","tablet":"","mobile":""},"google_fonts":[]}},"featured_image_urls":{"full":["https:\/\/www.genverde.it\/wp-content\/uploads\/2023\/09\/2023_Gen_Verde_U.S._Tour2023-scaled.jpg",2560,2560,false],"thumbnail":["https:\/\/www.genverde.it\/wp-content\/uploads\/2023\/09\/2023_Gen_Verde_U.S._Tour2023-150x150.jpg",150,150,true],"medium":["https:\/\/www.genverde.it\/wp-content\/uploads\/2023\/09\/2023_Gen_Verde_U.S._Tour2023-300x300.jpg",300,300,true],"medium_large":["https:\/\/www.genverde.it\/wp-content\/uploads\/2023\/09\/2023_Gen_Verde_U.S._Tour2023-768x768.jpg",768,768,true],"large":["https:\/\/www.genverde.it\/wp-content\/uploads\/2023\/09\/2023_Gen_Verde_U.S._Tour2023-1024x1024.jpg",1024,1024,true],"1536x1536":["https:\/\/www.genverde.it\/wp-content\/uploads\/2023\/09\/2023_Gen_Verde_U.S._Tour2023-1536x1536.jpg",1536,1536,true],"2048x2048":["https:\/\/www.genverde.it\/wp-content\/uploads\/2023\/09\/2023_Gen_Verde_U.S._Tour2023-2048x2048.jpg",2048,2048,true]},"post_excerpt_stackable":"<p>Experi\u00eancias traduzidas em m\u00fasica que, de diferentes maneiras, marcaram a vida dos membros do Gen Verde e de outros. Musica instrumental Gen Verde U.S. Tour 2023 (Songs from the Concert &#8211; Compilation) 2023 M\u00fasica: Nancy L. Uelmen\u00a9 Copyright Gen Verde della P.A.F.O.M.All rights reservedwww.genverde.it V\u00cdDEO<\/p>\n","category_list":"","author_info":{"name":"","url":""},"comments_num":"0 comments","yoast_head":"<!-- This site is optimized with the Yoast SEO plugin v20.10 - https:\/\/yoast.com\/wordpress\/plugins\/seo\/ -->\n<title>East West letra - Genverde<\/title>\n<meta name=\"description\" content=\"Descobre a letra da can\u00e7\u00e3o East West do Gen Verde. Explore todos os \u00e1lbuns do grupo internacional no site oficial.\" \/>\n<meta name=\"robots\" content=\"index, follow, max-snippet:-1, max-image-preview:large, max-video-preview:-1\" \/>\n<link rel=\"canonical\" href=\"https:\/\/www.genverde.it\/pt\/track\/east-west\/\" \/>\n<meta property=\"og:locale\" content=\"pt_PT\" \/>\n<meta property=\"og:type\" content=\"article\" \/>\n<meta property=\"og:title\" content=\"East West letra - Genverde\" \/>\n<meta property=\"og:description\" content=\"Descobre a letra da can\u00e7\u00e3o East West do Gen Verde. Explore todos os \u00e1lbuns do grupo internacional no site oficial.\" \/>\n<meta property=\"og:url\" content=\"https:\/\/www.genverde.it\/track\/east-west\/\" \/>\n<meta property=\"og:site_name\" content=\"Gen Verde\" \/>\n<meta property=\"article:modified_time\" content=\"2023-10-13T09:29:08+00:00\" \/>\n<meta property=\"og:image\" content=\"https:\/\/www.genverde.it\/wp-content\/uploads\/2023\/09\/2023_Gen_Verde_U.S._Tour2023-scaled.jpg\" \/>\n\t<meta property=\"og:image:width\" content=\"2560\" \/>\n\t<meta property=\"og:image:height\" content=\"2560\" \/>\n\t<meta property=\"og:image:type\" content=\"image\/jpeg\" \/>\n<meta name=\"twitter:card\" content=\"summary_large_image\" \/>\n<meta name=\"twitter:label1\" content=\"Est. reading time\" \/>\n\t<meta name=\"twitter:data1\" content=\"1 minute\" \/>\n<script type=\"application\/ld+json\" class=\"yoast-schema-graph\">{\"@context\":\"https:\/\/schema.org\",\"@graph\":[{\"@type\":\"WebPage\",\"@id\":\"https:\/\/www.genverde.it\/pt\/track\/east-west-2\/\",\"url\":\"https:\/\/www.genverde.it\/track\/east-west\/\",\"name\":\"East West letra - Genverde\",\"isPartOf\":{\"@id\":\"https:\/\/www.genverde.it\/pt\/#website\"},\"datePublished\":\"2023-09-16T08:21:20+00:00\",\"dateModified\":\"2023-10-13T09:29:08+00:00\",\"description\":\"Descobre a letra da can\u00e7\u00e3o East West do Gen Verde. Explore todos os \u00e1lbuns do grupo internacional no site oficial.\",\"breadcrumb\":{\"@id\":\"https:\/\/www.genverde.it\/track\/east-west\/#breadcrumb\"},\"inLanguage\":\"pt\",\"potentialAction\":[{\"@type\":\"ReadAction\",\"target\":[\"https:\/\/www.genverde.it\/track\/east-west\/\"]}]},{\"@type\":\"BreadcrumbList\",\"@id\":\"https:\/\/www.genverde.it\/track\/east-west\/#breadcrumb\",\"itemListElement\":[{\"@type\":\"ListItem\",\"position\":1,\"name\":\"Home\",\"item\":\"https:\/\/www.genverde.it\/pt\/\"},{\"@type\":\"ListItem\",\"position\":2,\"name\":\"East West\"}]},{\"@type\":\"WebSite\",\"@id\":\"https:\/\/www.genverde.it\/pt\/#website\",\"url\":\"https:\/\/www.genverde.it\/pt\/\",\"name\":\"Gen Verde\",\"description\":\"\",\"publisher\":{\"@id\":\"https:\/\/www.genverde.it\/pt\/#organization\"},\"potentialAction\":[{\"@type\":\"SearchAction\",\"target\":{\"@type\":\"EntryPoint\",\"urlTemplate\":\"https:\/\/www.genverde.it\/pt\/?s={search_term_string}\"},\"query-input\":\"required name=search_term_string\"}],\"inLanguage\":\"pt\"},{\"@type\":\"Organization\",\"@id\":\"https:\/\/www.genverde.it\/pt\/#organization\",\"name\":\"Gen Verde\",\"url\":\"https:\/\/www.genverde.it\/pt\/\",\"logo\":{\"@type\":\"ImageObject\",\"inLanguage\":\"pt\",\"@id\":\"https:\/\/www.genverde.it\/pt\/#\/schema\/logo\/image\/\",\"url\":\"https:\/\/www.genverde.it\/wp-content\/uploads\/2021\/05\/logo-gen-verde-black.png\",\"contentUrl\":\"https:\/\/www.genverde.it\/wp-content\/uploads\/2021\/05\/logo-gen-verde-black.png\",\"width\":646,\"height\":392,\"caption\":\"Gen Verde\"},\"image\":{\"@id\":\"https:\/\/www.genverde.it\/pt\/#\/schema\/logo\/image\/\"}}]}<\/script>\n<!-- \/ Yoast SEO plugin. -->","yoast_head_json":{"title":"East West letra - Genverde","description":"Descobre a letra da can\u00e7\u00e3o East West do Gen Verde. Explore todos os \u00e1lbuns do grupo internacional no site oficial.","robots":{"index":"index","follow":"follow","max-snippet":"max-snippet:-1","max-image-preview":"max-image-preview:large","max-video-preview":"max-video-preview:-1"},"canonical":"https:\/\/www.genverde.it\/pt\/track\/east-west\/","og_locale":"pt_PT","og_type":"article","og_title":"East West letra - Genverde","og_description":"Descobre a letra da can\u00e7\u00e3o East West do Gen Verde. Explore todos os \u00e1lbuns do grupo internacional no site oficial.","og_url":"https:\/\/www.genverde.it\/track\/east-west\/","og_site_name":"Gen Verde","article_modified_time":"2023-10-13T09:29:08+00:00","og_image":[{"width":2560,"height":2560,"url":"https:\/\/www.genverde.it\/wp-content\/uploads\/2023\/09\/2023_Gen_Verde_U.S._Tour2023-scaled.jpg","type":"image\/jpeg"}],"twitter_card":"summary_large_image","twitter_misc":{"Est. reading time":"1 minute"},"schema":{"@context":"https:\/\/schema.org","@graph":[{"@type":"WebPage","@id":"https:\/\/www.genverde.it\/pt\/track\/east-west-2\/","url":"https:\/\/www.genverde.it\/track\/east-west\/","name":"East West letra - Genverde","isPartOf":{"@id":"https:\/\/www.genverde.it\/pt\/#website"},"datePublished":"2023-09-16T08:21:20+00:00","dateModified":"2023-10-13T09:29:08+00:00","description":"Descobre a letra da can\u00e7\u00e3o East West do Gen Verde. Explore todos os \u00e1lbuns do grupo internacional no site oficial.","breadcrumb":{"@id":"https:\/\/www.genverde.it\/track\/east-west\/#breadcrumb"},"inLanguage":"pt","potentialAction":[{"@type":"ReadAction","target":["https:\/\/www.genverde.it\/track\/east-west\/"]}]},{"@type":"BreadcrumbList","@id":"https:\/\/www.genverde.it\/track\/east-west\/#breadcrumb","itemListElement":[{"@type":"ListItem","position":1,"name":"Home","item":"https:\/\/www.genverde.it\/pt\/"},{"@type":"ListItem","position":2,"name":"East West"}]},{"@type":"WebSite","@id":"https:\/\/www.genverde.it\/pt\/#website","url":"https:\/\/www.genverde.it\/pt\/","name":"Gen Verde","description":"","publisher":{"@id":"https:\/\/www.genverde.it\/pt\/#organization"},"potentialAction":[{"@type":"SearchAction","target":{"@type":"EntryPoint","urlTemplate":"https:\/\/www.genverde.it\/pt\/?s={search_term_string}"},"query-input":"required name=search_term_string"}],"inLanguage":"pt"},{"@type":"Organization","@id":"https:\/\/www.genverde.it\/pt\/#organization","name":"Gen Verde","url":"https:\/\/www.genverde.it\/pt\/","logo":{"@type":"ImageObject","inLanguage":"pt","@id":"https:\/\/www.genverde.it\/pt\/#\/schema\/logo\/image\/","url":"https:\/\/www.genverde.it\/wp-content\/uploads\/2021\/05\/logo-gen-verde-black.png","contentUrl":"https:\/\/www.genverde.it\/wp-content\/uploads\/2021\/05\/logo-gen-verde-black.png","width":646,"height":392,"caption":"Gen Verde"},"image":{"@id":"https:\/\/www.genverde.it\/pt\/#\/schema\/logo\/image\/"}}]}},"_links":{"self":[{"href":"https:\/\/www.genverde.it\/pt\/wp-json\/wp\/v2\/track\/31729"}],"collection":[{"href":"https:\/\/www.genverde.it\/pt\/wp-json\/wp\/v2\/track"}],"about":[{"href":"https:\/\/www.genverde.it\/pt\/wp-json\/wp\/v2\/types\/track"}],"wp:featuredmedia":[{"embeddable":true,"href":"https:\/\/www.genverde.it\/pt\/wp-json\/wp\/v2\/media\/31211"}],"wp:attachment":[{"href":"https:\/\/www.genverde.it\/pt\/wp-json\/wp\/v2\/media?parent=31729"}],"wp:term":[{"taxonomy":"category_tracks","embeddable":true,"href":"https:\/\/www.genverde.it\/pt\/wp-json\/wp\/v2\/category_tracks?post=31729"}],"curies":[{"name":"wp","href":"https:\/\/api.w.org\/{rel}","templated":true}]}}

<div class="is-layout-flex wp-container-3 wp-block-columns">
<div class="is-layout-flow wp-block-column" style="flex-basis:66.66%">
<p><em>Experiências traduzidas em música que, de diferentes maneiras, marcaram a vida dos membros do Gen Verde e de outros.</em></p>



<p style="font-size:30px">Musica instrumental</p>
</div>



<div class="is-layout-flow wp-block-column" style="flex-basis:33.33%">
<h3>Gen Verde U.S. Tour 2023 (Songs from the Concert &#8211; Compilation)</h3>


<figure class="wp-block-post-featured-image"><img width="2560" height="2560" src="https://www.genverde.it/wp-content/uploads/2023/09/2023_Gen_Verde_U.S._Tour2023-scaled.jpg" class="attachment-post-thumbnail size-post-thumbnail wp-post-image" alt="Foto di gruppo per Tour negli USA 2023" decoding="async" loading="lazy" srcset="https://www.genverde.it/wp-content/uploads/2023/09/2023_Gen_Verde_U.S._Tour2023-scaled.jpg 2560w, https://www.genverde.it/wp-content/uploads/2023/09/2023_Gen_Verde_U.S._Tour2023-300x300.jpg 300w, https://www.genverde.it/wp-content/uploads/2023/09/2023_Gen_Verde_U.S._Tour2023-1024x1024.jpg 1024w, https://www.genverde.it/wp-content/uploads/2023/09/2023_Gen_Verde_U.S._Tour2023-150x150.jpg 150w, https://www.genverde.it/wp-content/uploads/2023/09/2023_Gen_Verde_U.S._Tour2023-768x768.jpg 768w, https://www.genverde.it/wp-content/uploads/2023/09/2023_Gen_Verde_U.S._Tour2023-1536x1536.jpg 1536w, https://www.genverde.it/wp-content/uploads/2023/09/2023_Gen_Verde_U.S._Tour2023-2048x2048.jpg 2048w" sizes="(max-width: 2560px) 100vw, 2560px" /></figure>


<p>2023</p>



<p>Música: Nancy L. Uelmen<br>© Copyright Gen Verde della P.A.F.O.M.<br>All rights reserved<br>www.genverde.it</p>


<div class="streaming-download-link noprint"><div class="streaming-container"><div class="streaming-links-container"><a class="link-apple-music" href="https://music.apple.com/us/album/east-west/1706150081?i=1706150435" target = "_blank"><span class="icons icon-apple"></span></a><a class="link-spotify" href="https://open.spotify.com/track/4Y14gzuC5DBcpidhSUA2tp?si=126c99b16e464727" target = "_blank"><span class="icons icon-spotify"></span></a><a class="link-amazon-music" href="https://music.amazon.com/albums/B0CHFVLCCX?marketplaceId=ATVPDKIKX0DER&musicTerritory=US&ref=dm_sh_Rp5B2SYAi20lGFoUph97r53Af&trackAsin=B0CHFVNS3N" target = "_blank"><span class="icons icon-amazon"></span></a><div class="youtube-container"><a class="link-youtube" href="https://www.youtube.com/watch?v=4dNxXMHbMYs" target = "_blank"><span class="icons icon-youtube"></span> VÍDEO</a></div></div> </div></div><a class="print-track noprint" href="javascript:if(window.print)window.print()"><span class="icons icon-print"></span></a></div>
</div>
</div>

<p>Experiências traduzidas em música que, de diferentes maneiras, marcaram a vida dos membros do Gen Verde e de outros. Musica instrumental Gen Verde U.S. Tour 2023 (Songs from the Concert &#8211; Compilation) 2023 Música: Nancy L. Uelmen© Copyright Gen Verde della P.A.F.O.M.All rights reservedwww.genverde.it VÍDEO</p>

<!-- This site is optimized with the Yoast SEO plugin v20.10 - https://yoast.com/wordpress/plugins/seo/ -->
<title>East West letra - Genverde</title>
<meta name="description" content="Descobre a letra da canção East West do Gen Verde. Explore todos os álbuns do grupo internacional no site oficial." />
<meta name="robots" content="index, follow, max-snippet:-1, max-image-preview:large, max-video-preview:-1" />
<link rel="canonical" href="https://www.genverde.it/pt/track/east-west/" />
<meta property="og:locale" content="pt_PT" />
<meta property="og:type" content="article" />
<meta property="og:title" content="East West letra - Genverde" />
<meta property="og:description" content="Descobre a letra da canção East West do Gen Verde. Explore todos os álbuns do grupo internacional no site oficial." />
<meta property="og:url" content="https://www.genverde.it/track/east-west/" />
<meta property="og:site_name" content="Gen Verde" />
<meta property="article:modified_time" content="2023-10-13T09:29:08+00:00" />
<meta property="og:image" content="https://www.genverde.it/wp-content/uploads/2023/09/2023_Gen_Verde_U.S._Tour2023-scaled.jpg" />
	<meta property="og:image:width" content="2560" />
	<meta property="og:image:height" content="2560" />
	<meta property="og:image:type" content="image/jpeg" />
<meta name="twitter:card" content="summary_large_image" />
<meta name="twitter:label1" content="Est. reading time" />
	<meta name="twitter:data1" content="1 minute" />
<script type="application/ld+json" class="yoast-schema-graph">{"@context":"https://schema.org","@graph":[{"@type":"WebPage","@id":"https://www.genverde.it/pt/track/east-west-2/","url":"https://www.genverde.it/track/east-west/","name":"East West letra - Genverde","isPartOf":{"@id":"https://www.genverde.it/pt/#website"},"datePublished":"2023-09-16T08:21:20+00:00","dateModified":"2023-10-13T09:29:08+00:00","description":"Descobre a letra da canção East West do Gen Verde. Explore todos os álbuns do grupo internacional no site oficial.","breadcrumb":{"@id":"https://www.genverde.it/track/east-west/#breadcrumb"},"inLanguage":"pt","potentialAction":[{"@type":"ReadAction","target":["https://www.genverde.it/track/east-west/"]}]},{"@type":"BreadcrumbList","@id":"https://www.genverde.it/track/east-west/#breadcrumb","itemListElement":[{"@type":"ListItem","position":1,"name":"Home","item":"https://www.genverde.it/pt/"},{"@type":"ListItem","position":2,"name":"East West"}]},{"@type":"WebSite","@id":"https://www.genverde.it/pt/#website","url":"https://www.genverde.it/pt/","name":"Gen Verde","description":"","publisher":{"@id":"https://www.genverde.it/pt/#organization"},"potentialAction":[{"@type":"SearchAction","target":{"@type":"EntryPoint","urlTemplate":"https://www.genverde.it/pt/?s={search_term_string}"},"query-input":"required name=search_term_string"}],"inLanguage":"pt"},{"@type":"Organization","@id":"https://www.genverde.it/pt/#organization","name":"Gen Verde","url":"https://www.genverde.it/pt/","logo":{"@type":"ImageObject","inLanguage":"pt","@id":"https://www.genverde.it/pt/#/schema/logo/image/","url":"https://www.genverde.it/wp-content/uploads/2021/05/logo-gen-verde-black.png","contentUrl":"https://www.genverde.it/wp-content/uploads/2021/05/logo-gen-verde-black.png","width":646,"height":392,"caption":"Gen Verde"},"image":{"@id":"https://www.genverde.it/pt/#/schema/logo/image/"}}]}</script>
<!-- / Yoast SEO plugin. -->

Descobre a letra da canção East West do Gen Verde. Explore todos os álbuns do grupo internacional no site oficial.
