{"id":6058,"date":"1987-06-09T12:32:39","date_gmt":"1987-06-09T10:32:39","guid":{"rendered":"https:\/\/www.genverde.it\/track\/santo-4\/"},"modified":"2026-03-13T12:22:39","modified_gmt":"2026-03-13T11:22:39","slug":"santo-4","status":"publish","type":"track","link":"https:\/\/www.genverde.it\/pt\/track\/santo-4\/","title":{"rendered":"Santo"},"content":{"rendered":"\n<div class=\"is-layout-flex wp-container-4 wp-block-columns\">\n<div class=\"is-layout-flow wp-block-column\" style=\"flex-basis:66.66%\">\n<p><em><strong>Santo, Acclamazione, Amen:<\/strong> can\u00e7\u00f5es da ora\u00e7\u00e3o eucar\u00edstica, que nesta publica\u00e7\u00e3o t\u00eam a mesma melodia.<\/em><\/p>\n\n\n\n<h2 style=\"font-size:30px;letter-spacing:0px\">Letra Santo<\/h2>\n\n\n\n<p>Santo, santo, santo<br\/>Il Signore Dio dell&#8217;universo<br\/>I cieli e la terra<br\/>Sono pieni della tua gloria<\/p>\n\n\n\n<p>Osanna, osanna nell&#8217;alto dei cieli<br\/>Osanna, osanna nell&#8217;alto dei cieli<\/p>\n\n\n\n<p>Benedetto colui che viene<br\/>Nel nome del Signore<\/p>\n\n\n\n<p>Osanna nell&#8217;alto dei cieli<br\/>Osanna nell&#8217;alto dei cieli<br\/>Osanna nell\u2019alto dei cieli<\/p>\n\n\n\n<p><\/p>\n\n\n\n<p>Ou\u00e7a e leia as letras de outras <strong>m\u00fasicas semelhantes a Santo:<\/strong> <em><a href=\"https:\/\/www.genverde.it\/pt\/track\/santo-giovedi-santo\/\" target=\"_blank\" rel=\"noreferrer noopener\">Santo (gioved\u00ec santo)<\/a>, <a href=\"https:\/\/www.genverde.it\/pt\/track\/santo-2\/\" target=\"_blank\" rel=\"noreferrer noopener\">Santo.<\/a><\/em><\/p>\n<\/div>\n\n\n\n<div class=\"is-layout-flow wp-block-column\"><\/div>\n\n\n\n<div class=\"is-layout-flow wp-block-column\" style=\"flex-basis:33.33%\">\n<h3><strong>E\u2019 bello lodarti <\/strong><\/h3>\n\n\n\n<figure class=\"wp-block-image size-large\"><img decoding=\"async\" width=\"344\" height=\"344\" src=\"https:\/\/www.genverde.it\/wp-content\/uploads\/2021\/05\/1987_51-E-bello-lodarti.jpg\" alt=\"\" class=\"wp-image-1043\" srcset=\"https:\/\/www.genverde.it\/wp-content\/uploads\/2021\/05\/1987_51-E-bello-lodarti.jpg 344w, https:\/\/www.genverde.it\/wp-content\/uploads\/2021\/05\/1987_51-E-bello-lodarti-300x300.jpg 300w, https:\/\/www.genverde.it\/wp-content\/uploads\/2021\/05\/1987_51-E-bello-lodarti-150x150.jpg 150w\" sizes=\"(max-width: 344px) 100vw, 344px\" \/><\/figure>\n\n\n\n<p>1987<\/p>\n\n\n\n<p>M\u00fasica: M. Th\u00e9r\u00e8se Henderson<br\/>Letra: Dalla Liturgia<br\/>\u00a9 Copyright Gen Verde della P.A.F.O.M.<br\/>All rights reserved<br\/>www.genverde.it<\/p>\n\n\n\n<p><\/p>\n\n\n<div class=\"streaming-download-link noprint\"><div class=\"streaming-container\"><div class=\"streaming-links-container\"><a class=\"link-apple-music\" href=\"https:\/\/music.apple.com\/it\/album\/santo\/1653495088?i=1653495596&l=en-GB\" target = \"_blank\"><span class=\"icons icon-apple\"><\/span><\/a><a class=\"link-spotify\" href=\"https:\/\/open.spotify.com\/intl-it\/track\/0A3aeR2f2j1Hhd6gQJIUfn?si=dbc5ffc0d37e46bf\" target = \"_blank\"><span class=\"icons icon-spotify\"><\/span><\/a><a class=\"link-amazon-music\" href=\"https:\/\/music.amazon.it\/tracks\/B0BLLPRQ9K?marketplaceId=APJ6JRA9NG5V4&musicTerritory=IT&ref=dm_sh_XEFe7CvB5Aa4j9PZVJwp4nbAD\" target = \"_blank\"><span class=\"icons icon-amazon\"><\/span><\/a><\/div> <\/div><\/div><a class=\"print-track noprint\" href=\"javascript:if(window.print)window.print()\"><span class=\"icons icon-print\"><\/span><\/a><\/div>\n<\/div>\n<\/div>\n<p><!-- \/wp:columns --><\/p>\n","protected":false},"featured_media":6029,"menu_order":9,"template":"","meta":[],"category_tracks":[367,324],"blocksy_meta":{"styles_descriptor":{"styles":{"desktop":"","tablet":"","mobile":""},"google_fonts":[]}},"featured_image_urls":{"full":["https:\/\/www.genverde.it\/wp-content\/uploads\/2021\/05\/1987_51-E-bello-lodarti.jpg",344,344,false],"thumbnail":["https:\/\/www.genverde.it\/wp-content\/uploads\/2021\/05\/1987_51-E-bello-lodarti-150x150.jpg",150,150,true],"medium":["https:\/\/www.genverde.it\/wp-content\/uploads\/2021\/05\/1987_51-E-bello-lodarti-300x300.jpg",300,300,true],"medium_large":["https:\/\/www.genverde.it\/wp-content\/uploads\/2021\/05\/1987_51-E-bello-lodarti.jpg",344,344,false],"large":["https:\/\/www.genverde.it\/wp-content\/uploads\/2021\/05\/1987_51-E-bello-lodarti.jpg",344,344,false],"1536x1536":["https:\/\/www.genverde.it\/wp-content\/uploads\/2021\/05\/1987_51-E-bello-lodarti.jpg",344,344,false],"2048x2048":["https:\/\/www.genverde.it\/wp-content\/uploads\/2021\/05\/1987_51-E-bello-lodarti.jpg",344,344,false]},"post_excerpt_stackable":"<p>Santo, Acclamazione, Amen: can\u00e7\u00f5es da ora\u00e7\u00e3o eucar\u00edstica, que nesta publica\u00e7\u00e3o t\u00eam a mesma melodia. Letra Santo Santo, santo, santoIl Signore Dio dell&#8217;universoI cieli e la terraSono pieni della tua gloria Osanna, osanna nell&#8217;alto dei cieliOsanna, osanna nell&#8217;alto dei cieli Benedetto colui che vieneNel nome del Signore Osanna nell&#8217;alto dei cieliOsanna nell&#8217;alto dei cieliOsanna nell\u2019alto dei cieli Ou\u00e7a e leia as letras de outras m\u00fasicas semelhantes a Santo: Santo (gioved\u00ec santo), Santo. E\u2019 bello lodarti 1987 M\u00fasica: M. Th\u00e9r\u00e8se HendersonLetra: Dalla Liturgia\u00a9 Copyright Gen Verde della P.A.F.O.M.All rights reservedwww.genverde.it<\/p>\n","category_list":"","author_info":{"name":"","url":""},"comments_num":"0 comments","yoast_head":"<!-- This site is optimized with the Yoast SEO plugin v20.10 - https:\/\/yoast.com\/wordpress\/plugins\/seo\/ -->\n<title>Santo letra - Genverde<\/title>\n<meta name=\"description\" content=\"Descobre a letra da can\u00e7\u00e3o Santo do Gen Verde. Explore todos os \u00e1lbuns do grupo no site oficial.\" \/>\n<meta name=\"robots\" content=\"index, follow, max-snippet:-1, max-image-preview:large, max-video-preview:-1\" \/>\n<link rel=\"canonical\" href=\"https:\/\/www.genverde.it\/pt\/wp-json\/wp\/v2\/track\/6058\/\" \/>\n<meta property=\"og:locale\" content=\"pt_PT\" \/>\n<meta property=\"og:type\" content=\"article\" \/>\n<meta property=\"og:title\" content=\"Santo letra - Genverde\" \/>\n<meta property=\"og:description\" content=\"Descobre a letra da can\u00e7\u00e3o Santo do Gen Verde. Explore todos os \u00e1lbuns do grupo no site oficial.\" \/>\n<meta property=\"og:url\" content=\"https:\/\/www.genverde.it\/pt\/track\/santo-4\/\" \/>\n<meta property=\"og:site_name\" content=\"Gen Verde\" \/>\n<meta property=\"article:modified_time\" content=\"2026-03-13T11:22:39+00:00\" \/>\n<meta property=\"og:image\" content=\"https:\/\/www.genverde.it\/wp-content\/uploads\/2021\/05\/1987_51-E-bello-lodarti.jpg\" \/>\n\t<meta property=\"og:image:width\" content=\"344\" \/>\n\t<meta property=\"og:image:height\" content=\"344\" \/>\n\t<meta property=\"og:image:type\" content=\"image\/jpeg\" \/>\n<meta name=\"twitter:card\" content=\"summary_large_image\" \/>\n<meta name=\"twitter:label1\" content=\"Est. reading time\" \/>\n\t<meta name=\"twitter:data1\" content=\"1 minute\" \/>\n<script type=\"application\/ld+json\" class=\"yoast-schema-graph\">{\"@context\":\"https:\/\/schema.org\",\"@graph\":[{\"@type\":\"WebPage\",\"@id\":\"https:\/\/www.genverde.it\/pt\/track\/santo-4\/\",\"url\":\"https:\/\/www.genverde.it\/pt\/track\/santo-4\/\",\"name\":\"Santo letra - Genverde\",\"isPartOf\":{\"@id\":\"https:\/\/www.genverde.it\/pt\/#website\"},\"datePublished\":\"1987-06-09T10:32:39+00:00\",\"dateModified\":\"2026-03-13T11:22:39+00:00\",\"description\":\"Descobre a letra da can\u00e7\u00e3o Santo do Gen Verde. Explore todos os \u00e1lbuns do grupo no site oficial.\",\"breadcrumb\":{\"@id\":\"https:\/\/www.genverde.it\/pt\/track\/santo-4\/#breadcrumb\"},\"inLanguage\":\"pt\",\"potentialAction\":[{\"@type\":\"ReadAction\",\"target\":[\"https:\/\/www.genverde.it\/pt\/track\/santo-4\/\"]}]},{\"@type\":\"BreadcrumbList\",\"@id\":\"https:\/\/www.genverde.it\/pt\/track\/santo-4\/#breadcrumb\",\"itemListElement\":[{\"@type\":\"ListItem\",\"position\":1,\"name\":\"Home\",\"item\":\"https:\/\/www.genverde.it\/pt\/\"},{\"@type\":\"ListItem\",\"position\":2,\"name\":\"Santo\"}]},{\"@type\":\"WebSite\",\"@id\":\"https:\/\/www.genverde.it\/pt\/#website\",\"url\":\"https:\/\/www.genverde.it\/pt\/\",\"name\":\"Gen Verde\",\"description\":\"\",\"publisher\":{\"@id\":\"https:\/\/www.genverde.it\/pt\/#organization\"},\"potentialAction\":[{\"@type\":\"SearchAction\",\"target\":{\"@type\":\"EntryPoint\",\"urlTemplate\":\"https:\/\/www.genverde.it\/pt\/?s={search_term_string}\"},\"query-input\":\"required name=search_term_string\"}],\"inLanguage\":\"pt\"},{\"@type\":\"Organization\",\"@id\":\"https:\/\/www.genverde.it\/pt\/#organization\",\"name\":\"Gen Verde\",\"url\":\"https:\/\/www.genverde.it\/pt\/\",\"logo\":{\"@type\":\"ImageObject\",\"inLanguage\":\"pt\",\"@id\":\"https:\/\/www.genverde.it\/pt\/#\/schema\/logo\/image\/\",\"url\":\"https:\/\/www.genverde.it\/wp-content\/uploads\/2021\/05\/logo-gen-verde-black.png\",\"contentUrl\":\"https:\/\/www.genverde.it\/wp-content\/uploads\/2021\/05\/logo-gen-verde-black.png\",\"width\":646,\"height\":392,\"caption\":\"Gen Verde\"},\"image\":{\"@id\":\"https:\/\/www.genverde.it\/pt\/#\/schema\/logo\/image\/\"}}]}<\/script>\n<!-- \/ Yoast SEO plugin. -->","yoast_head_json":{"title":"Santo letra - Genverde","description":"Descobre a letra da can\u00e7\u00e3o Santo do Gen Verde. Explore todos os \u00e1lbuns do grupo no site oficial.","robots":{"index":"index","follow":"follow","max-snippet":"max-snippet:-1","max-image-preview":"max-image-preview:large","max-video-preview":"max-video-preview:-1"},"canonical":"https:\/\/www.genverde.it\/pt\/wp-json\/wp\/v2\/track\/6058\/","og_locale":"pt_PT","og_type":"article","og_title":"Santo letra - Genverde","og_description":"Descobre a letra da can\u00e7\u00e3o Santo do Gen Verde. Explore todos os \u00e1lbuns do grupo no site oficial.","og_url":"https:\/\/www.genverde.it\/pt\/track\/santo-4\/","og_site_name":"Gen Verde","article_modified_time":"2026-03-13T11:22:39+00:00","og_image":[{"width":344,"height":344,"url":"https:\/\/www.genverde.it\/wp-content\/uploads\/2021\/05\/1987_51-E-bello-lodarti.jpg","type":"image\/jpeg"}],"twitter_card":"summary_large_image","twitter_misc":{"Est. reading time":"1 minute"},"schema":{"@context":"https:\/\/schema.org","@graph":[{"@type":"WebPage","@id":"https:\/\/www.genverde.it\/pt\/track\/santo-4\/","url":"https:\/\/www.genverde.it\/pt\/track\/santo-4\/","name":"Santo letra - Genverde","isPartOf":{"@id":"https:\/\/www.genverde.it\/pt\/#website"},"datePublished":"1987-06-09T10:32:39+00:00","dateModified":"2026-03-13T11:22:39+00:00","description":"Descobre a letra da can\u00e7\u00e3o Santo do Gen Verde. Explore todos os \u00e1lbuns do grupo no site oficial.","breadcrumb":{"@id":"https:\/\/www.genverde.it\/pt\/track\/santo-4\/#breadcrumb"},"inLanguage":"pt","potentialAction":[{"@type":"ReadAction","target":["https:\/\/www.genverde.it\/pt\/track\/santo-4\/"]}]},{"@type":"BreadcrumbList","@id":"https:\/\/www.genverde.it\/pt\/track\/santo-4\/#breadcrumb","itemListElement":[{"@type":"ListItem","position":1,"name":"Home","item":"https:\/\/www.genverde.it\/pt\/"},{"@type":"ListItem","position":2,"name":"Santo"}]},{"@type":"WebSite","@id":"https:\/\/www.genverde.it\/pt\/#website","url":"https:\/\/www.genverde.it\/pt\/","name":"Gen Verde","description":"","publisher":{"@id":"https:\/\/www.genverde.it\/pt\/#organization"},"potentialAction":[{"@type":"SearchAction","target":{"@type":"EntryPoint","urlTemplate":"https:\/\/www.genverde.it\/pt\/?s={search_term_string}"},"query-input":"required name=search_term_string"}],"inLanguage":"pt"},{"@type":"Organization","@id":"https:\/\/www.genverde.it\/pt\/#organization","name":"Gen Verde","url":"https:\/\/www.genverde.it\/pt\/","logo":{"@type":"ImageObject","inLanguage":"pt","@id":"https:\/\/www.genverde.it\/pt\/#\/schema\/logo\/image\/","url":"https:\/\/www.genverde.it\/wp-content\/uploads\/2021\/05\/logo-gen-verde-black.png","contentUrl":"https:\/\/www.genverde.it\/wp-content\/uploads\/2021\/05\/logo-gen-verde-black.png","width":646,"height":392,"caption":"Gen Verde"},"image":{"@id":"https:\/\/www.genverde.it\/pt\/#\/schema\/logo\/image\/"}}]}},"_links":{"self":[{"href":"https:\/\/www.genverde.it\/pt\/wp-json\/wp\/v2\/track\/6058"}],"collection":[{"href":"https:\/\/www.genverde.it\/pt\/wp-json\/wp\/v2\/track"}],"about":[{"href":"https:\/\/www.genverde.it\/pt\/wp-json\/wp\/v2\/types\/track"}],"wp:featuredmedia":[{"embeddable":true,"href":"https:\/\/www.genverde.it\/pt\/wp-json\/wp\/v2\/media\/6029"}],"wp:attachment":[{"href":"https:\/\/www.genverde.it\/pt\/wp-json\/wp\/v2\/media?parent=6058"}],"wp:term":[{"taxonomy":"category_tracks","embeddable":true,"href":"https:\/\/www.genverde.it\/pt\/wp-json\/wp\/v2\/category_tracks?post=6058"}],"curies":[{"name":"wp","href":"https:\/\/api.w.org\/{rel}","templated":true}]}}

<div class="is-layout-flex wp-container-4 wp-block-columns">
<div class="is-layout-flow wp-block-column" style="flex-basis:66.66%">
<p><em><strong>Santo, Acclamazione, Amen:</strong> canções da oração eucarística, que nesta publicação têm a mesma melodia.</em></p>



<h2 style="font-size:30px;letter-spacing:0px">Letra Santo</h2>



<p>Santo, santo, santo<br/>Il Signore Dio dell&#8217;universo<br/>I cieli e la terra<br/>Sono pieni della tua gloria</p>



<p>Osanna, osanna nell&#8217;alto dei cieli<br/>Osanna, osanna nell&#8217;alto dei cieli</p>



<p>Benedetto colui che viene<br/>Nel nome del Signore</p>



<p>Osanna nell&#8217;alto dei cieli<br/>Osanna nell&#8217;alto dei cieli<br/>Osanna nell’alto dei cieli</p>



<p></p>



<p>Ouça e leia as letras de outras <strong>músicas semelhantes a Santo:</strong> <em><a href="https://www.genverde.it/pt/track/santo-giovedi-santo/" target="_blank" rel="noreferrer noopener">Santo (giovedì santo)</a>, <a href="https://www.genverde.it/pt/track/santo-2/" target="_blank" rel="noreferrer noopener">Santo.</a></em></p>
</div>



<div class="is-layout-flow wp-block-column"></div>



<div class="is-layout-flow wp-block-column" style="flex-basis:33.33%">
<h3><strong>E’ bello lodarti </strong></h3>



<figure class="wp-block-image size-large"><img decoding="async" width="344" height="344" src="https://www.genverde.it/wp-content/uploads/2021/05/1987_51-E-bello-lodarti.jpg" alt="" class="wp-image-1043" srcset="https://www.genverde.it/wp-content/uploads/2021/05/1987_51-E-bello-lodarti.jpg 344w, https://www.genverde.it/wp-content/uploads/2021/05/1987_51-E-bello-lodarti-300x300.jpg 300w, https://www.genverde.it/wp-content/uploads/2021/05/1987_51-E-bello-lodarti-150x150.jpg 150w" sizes="(max-width: 344px) 100vw, 344px" /></figure>



<p>1987</p>



<p>Música: M. Thérèse Henderson<br/>Letra: Dalla Liturgia<br/>© Copyright Gen Verde della P.A.F.O.M.<br/>All rights reserved<br/>www.genverde.it</p>



<p></p>


<div class="streaming-download-link noprint"><div class="streaming-container"><div class="streaming-links-container"><a class="link-apple-music" href="https://music.apple.com/it/album/santo/1653495088?i=1653495596&l=en-GB" target = "_blank"><span class="icons icon-apple"></span></a><a class="link-spotify" href="https://open.spotify.com/intl-it/track/0A3aeR2f2j1Hhd6gQJIUfn?si=dbc5ffc0d37e46bf" target = "_blank"><span class="icons icon-spotify"></span></a><a class="link-amazon-music" href="https://music.amazon.it/tracks/B0BLLPRQ9K?marketplaceId=APJ6JRA9NG5V4&musicTerritory=IT&ref=dm_sh_XEFe7CvB5Aa4j9PZVJwp4nbAD" target = "_blank"><span class="icons icon-amazon"></span></a></div> </div></div><a class="print-track noprint" href="javascript:if(window.print)window.print()"><span class="icons icon-print"></span></a></div>
</div>
</div>
<p><!-- /wp:columns --></p>

<p>Santo, Acclamazione, Amen: canções da oração eucarística, que nesta publicação têm a mesma melodia. Letra Santo Santo, santo, santoIl Signore Dio dell&#8217;universoI cieli e la terraSono pieni della tua gloria Osanna, osanna nell&#8217;alto dei cieliOsanna, osanna nell&#8217;alto dei cieli Benedetto colui che vieneNel nome del Signore Osanna nell&#8217;alto dei cieliOsanna nell&#8217;alto dei cieliOsanna nell’alto dei cieli Ouça e leia as letras de outras músicas semelhantes a Santo: Santo (giovedì santo), Santo. E’ bello lodarti 1987 Música: M. Thérèse HendersonLetra: Dalla Liturgia© Copyright Gen Verde della P.A.F.O.M.All rights reservedwww.genverde.it</p>

<!-- This site is optimized with the Yoast SEO plugin v20.10 - https://yoast.com/wordpress/plugins/seo/ -->
<title>Santo letra - Genverde</title>
<meta name="description" content="Descobre a letra da canção Santo do Gen Verde. Explore todos os álbuns do grupo no site oficial." />
<meta name="robots" content="index, follow, max-snippet:-1, max-image-preview:large, max-video-preview:-1" />
<link rel="canonical" href="https://www.genverde.it/pt/wp-json/wp/v2/track/6058/" />
<meta property="og:locale" content="pt_PT" />
<meta property="og:type" content="article" />
<meta property="og:title" content="Santo letra - Genverde" />
<meta property="og:description" content="Descobre a letra da canção Santo do Gen Verde. Explore todos os álbuns do grupo no site oficial." />
<meta property="og:url" content="https://www.genverde.it/pt/track/santo-4/" />
<meta property="og:site_name" content="Gen Verde" />
<meta property="article:modified_time" content="2026-03-13T11:22:39+00:00" />
<meta property="og:image" content="https://www.genverde.it/wp-content/uploads/2021/05/1987_51-E-bello-lodarti.jpg" />
	<meta property="og:image:width" content="344" />
	<meta property="og:image:height" content="344" />
	<meta property="og:image:type" content="image/jpeg" />
<meta name="twitter:card" content="summary_large_image" />
<meta name="twitter:label1" content="Est. reading time" />
	<meta name="twitter:data1" content="1 minute" />
<script type="application/ld+json" class="yoast-schema-graph">{"@context":"https://schema.org","@graph":[{"@type":"WebPage","@id":"https://www.genverde.it/pt/track/santo-4/","url":"https://www.genverde.it/pt/track/santo-4/","name":"Santo letra - Genverde","isPartOf":{"@id":"https://www.genverde.it/pt/#website"},"datePublished":"1987-06-09T10:32:39+00:00","dateModified":"2026-03-13T11:22:39+00:00","description":"Descobre a letra da canção Santo do Gen Verde. Explore todos os álbuns do grupo no site oficial.","breadcrumb":{"@id":"https://www.genverde.it/pt/track/santo-4/#breadcrumb"},"inLanguage":"pt","potentialAction":[{"@type":"ReadAction","target":["https://www.genverde.it/pt/track/santo-4/"]}]},{"@type":"BreadcrumbList","@id":"https://www.genverde.it/pt/track/santo-4/#breadcrumb","itemListElement":[{"@type":"ListItem","position":1,"name":"Home","item":"https://www.genverde.it/pt/"},{"@type":"ListItem","position":2,"name":"Santo"}]},{"@type":"WebSite","@id":"https://www.genverde.it/pt/#website","url":"https://www.genverde.it/pt/","name":"Gen Verde","description":"","publisher":{"@id":"https://www.genverde.it/pt/#organization"},"potentialAction":[{"@type":"SearchAction","target":{"@type":"EntryPoint","urlTemplate":"https://www.genverde.it/pt/?s={search_term_string}"},"query-input":"required name=search_term_string"}],"inLanguage":"pt"},{"@type":"Organization","@id":"https://www.genverde.it/pt/#organization","name":"Gen Verde","url":"https://www.genverde.it/pt/","logo":{"@type":"ImageObject","inLanguage":"pt","@id":"https://www.genverde.it/pt/#/schema/logo/image/","url":"https://www.genverde.it/wp-content/uploads/2021/05/logo-gen-verde-black.png","contentUrl":"https://www.genverde.it/wp-content/uploads/2021/05/logo-gen-verde-black.png","width":646,"height":392,"caption":"Gen Verde"},"image":{"@id":"https://www.genverde.it/pt/#/schema/logo/image/"}}]}</script>
<!-- / Yoast SEO plugin. -->

Descobre a letra da canção Santo do Gen Verde. Explore todos os álbuns do grupo no site oficial.
